{"id":610,"date":"2026-02-24T15:32:27","date_gmt":"2026-02-24T15:32:27","guid":{"rendered":"https:\/\/funktionelle-uebungen.de\/?page_id=610"},"modified":"2026-02-24T20:26:25","modified_gmt":"2026-02-24T20:26:25","slug":"elementor-seite-610","status":"publish","type":"page","link":"https:\/\/funktionelle-uebungen.de\/","title":{"rendered":"IFAMT funktionelle Basis\u00fcbungen"},"content":{"rendered":"\t\t<div data-elementor-type=\"wp-page\" data-elementor-id=\"610\" class=\"elementor elementor-610\" data-elementor-post-type=\"page\">\n\t\t\t\t<div class=\"elementor-element elementor-element-21d0175 e-flex e-con-boxed e-con e-parent\" data-id=\"21d0175\" data-element_type=\"container\" data-e-type=\"container\">\n\t\t\t\t\t<div class=\"e-con-inner\">\n\t\t\t\t<div class=\"elementor-element elementor-element-a3d3fc6 elementor-widget elementor-widget-heading\" data-id=\"a3d3fc6\" data-element_type=\"widget\" data-e-type=\"widget\" data-widget_type=\"heading.default\">\n\t\t\t\t<div class=\"elementor-widget-container\">\n\t\t\t\t\t<h2 class=\"elementor-heading-title elementor-size-default\">IFAMT funktionelle Basis\u00fcbungen<\/h2>\t\t\t\t<\/div>\n\t\t\t\t<\/div>\n\t\t\t\t<div class=\"elementor-element elementor-element-bc464e1 elementor-widget elementor-widget-image\" data-id=\"bc464e1\" data-element_type=\"widget\" data-e-type=\"widget\" data-widget_type=\"image.default\">\n\t\t\t\t<div class=\"elementor-widget-container\">\n\t\t\t\t\t\t\t\t\t\t\t\t\t\t\t<img decoding=\"async\" width=\"150\" height=\"150\" src=\"https:\/\/funktionelle-uebungen.de\/wp-content\/uploads\/2025\/02\/Logogelb-150x150.png\" class=\"attachment-thumbnail size-thumbnail wp-image-113\" alt=\"\" srcset=\"https:\/\/funktionelle-uebungen.de\/wp-content\/uploads\/2025\/02\/Logogelb-150x150.png 150w, https:\/\/funktionelle-uebungen.de\/wp-content\/uploads\/2025\/02\/Logogelb-300x300.png 300w, https:\/\/funktionelle-uebungen.de\/wp-content\/uploads\/2025\/02\/Logogelb-1024x1024.png 1024w, https:\/\/funktionelle-uebungen.de\/wp-content\/uploads\/2025\/02\/Logogelb-768x768.png 768w, https:\/\/funktionelle-uebungen.de\/wp-content\/uploads\/2025\/02\/Logogelb-500x500.png 500w, https:\/\/funktionelle-uebungen.de\/wp-content\/uploads\/2025\/02\/Logogelb-1000x1000.png 1000w, https:\/\/funktionelle-uebungen.de\/wp-content\/uploads\/2025\/02\/Logogelb.png 1500w\" sizes=\"(max-width: 150px) 100vw, 150px\" \/>\t\t\t\t\t\t\t\t\t\t\t\t\t\t\t<\/div>\n\t\t\t\t<\/div>\n\t\t\t\t<div class=\"elementor-element elementor-element-ab620b8 elementor-widget elementor-widget-heading\" data-id=\"ab620b8\" data-element_type=\"widget\" data-e-type=\"widget\" data-widget_type=\"heading.default\">\n\t\t\t\t<div class=\"elementor-widget-container\">\n\t\t\t\t\t<h2 class=\"elementor-heading-title elementor-size-default\">F\u00fcr alle, die sich gezielt bewegen wollen!<\/h2>\t\t\t\t<\/div>\n\t\t\t\t<\/div>\n\t\t\t\t<div class=\"elementor-element elementor-element-3ed77b3 elementor-widget elementor-widget-text-editor\" data-id=\"3ed77b3\" data-element_type=\"widget\" data-e-type=\"widget\" data-widget_type=\"text-editor.default\">\n\t\t\t\t<div class=\"elementor-widget-container\">\n\t\t\t\t\t\t\t\t\t<p><span style=\"font-size: 1rem;\"><br><\/span><\/p><p><span style=\"font-size: 1rem;\">Hier werden 161 funktionelle Basis\u00fcbungen aus dem IFAMT konzept gezeigt, die Patienten mit wenig M\u00fche zu Hause durchf\u00fchren k\u00f6nnen.<\/span><br><\/p>\t\t\t\t\t\t\t\t<\/div>\n\t\t\t\t<\/div>\n\t\t\t\t\t<\/div>\n\t\t\t\t<\/div>\n\t\t<div class=\"elementor-element elementor-element-527d355 e-grid e-con-full e-con e-parent\" data-id=\"527d355\" data-element_type=\"container\" data-e-type=\"container\">\n\t\t\t\t<div class=\"elementor-element elementor-element-58d60fa elementor-widget elementor-widget-html\" data-id=\"58d60fa\" data-element_type=\"widget\" data-e-type=\"widget\" data-widget_type=\"html.default\">\n\t\t\t\t<div class=\"elementor-widget-container\">\n\t\t\t\t\t<div style='padding:56.25% 0 0 0;position:relative;'><iframe src='https:\/\/vimeo.com\/showcase\/6068058\/embed' allow='autoplay; fullscreen; picture-in-picture; gyroscope; accelerometer; clipboard-write; encrypted-media; web-share' frameborder='0' style='position:absolute;top:0;left:0;width:100%;height:100%;'><\/iframe><\/div>\t\t\t\t<\/div>\n\t\t\t\t<\/div>\n\t\t\t\t<\/div>\n\t\t<div class=\"elementor-element elementor-element-515ed6e e-flex e-con-boxed e-con e-parent\" data-id=\"515ed6e\" data-element_type=\"container\" data-e-type=\"container\">\n\t\t\t\t\t<div class=\"e-con-inner\">\n\t\t\t\t<div class=\"elementor-element elementor-element-8463029 elementor-widget elementor-widget-heading\" data-id=\"8463029\" data-element_type=\"widget\" data-e-type=\"widget\" data-widget_type=\"heading.default\">\n\t\t\t\t<div class=\"elementor-widget-container\">\n\t\t\t\t\t<h2 class=\"elementor-heading-title elementor-size-default\">Download der IFAMT Patientenbrosch\u00fcre mit einer Liste aller funktionellen \u00dcbungen von IFAMT<\/h2>\t\t\t\t<\/div>\n\t\t\t\t<\/div>\n\t\t\t\t<div class=\"elementor-element elementor-element-8c2fea0 elementor-align-center elementor-widget elementor-widget-button\" data-id=\"8c2fea0\" data-element_type=\"widget\" data-e-type=\"widget\" data-widget_type=\"button.default\">\n\t\t\t\t<div class=\"elementor-widget-container\">\n\t\t\t\t\t\t\t\t\t<div class=\"elementor-button-wrapper\">\n\t\t\t\t\t<a class=\"elementor-button elementor-size-sm\" role=\"button\">\n\t\t\t\t\t\t<span class=\"elementor-button-content-wrapper\">\n\t\t\t\t\t\t<span class=\"elementor-button-icon\">\n\t\t\t\t<svg aria-hidden=\"true\" class=\"e-font-icon-svg e-fas-file-pdf\" viewBox=\"0 0 384 512\" xmlns=\"http:\/\/www.w3.org\/2000\/svg\"><path d=\"M181.9 256.1c-5-16-4.9-46.9-2-46.9 8.4 0 7.6 36.9 2 46.9zm-1.7 47.2c-7.7 20.2-17.3 43.3-28.4 62.7 18.3-7 39-17.2 62.9-21.9-12.7-9.6-24.9-23.4-34.5-40.8zM86.1 428.1c0 .8 13.2-5.4 34.9-40.2-6.7 6.3-29.1 24.5-34.9 40.2zM248 160h136v328c0 13.3-10.7 24-24 24H24c-13.3 0-24-10.7-24-24V24C0 10.7 10.7 0 24 0h200v136c0 13.2 10.8 24 24 24zm-8 171.8c-20-12.2-33.3-29-42.7-53.8 4.5-18.5 11.6-46.6 6.2-64.2-4.7-29.4-42.4-26.5-47.8-6.8-5 18.3-.4 44.1 8.1 77-11.6 27.6-28.7 64.6-40.8 85.8-.1 0-.1.1-.2.1-27.1 13.9-73.6 44.5-54.5 68 5.6 6.9 16 10 21.5 10 17.9 0 35.7-18 61.1-61.8 25.8-8.5 54.1-19.1 79-23.2 21.7 11.8 47.1 19.5 64 19.5 29.2 0 31.2-32 19.7-43.4-13.9-13.6-54.3-9.7-73.6-7.2zM377 105L279 7c-4.5-4.5-10.6-7-17-7h-6v128h128v-6.1c0-6.3-2.5-12.4-7-16.9zm-74.1 255.3c4.1-2.7-2.5-11.9-42.8-9 37.1 15.8 42.8 9 42.8 9z\"><\/path><\/svg>\t\t\t<\/span>\n\t\t\t\t\t\t\t\t\t<span class=\"elementor-button-text\">Download IFAMT Patientenbrosch\u00fcre<\/span>\n\t\t\t\t\t<\/span>\n\t\t\t\t\t<\/a>\n\t\t\t\t<\/div>\n\t\t\t\t\t\t\t\t<\/div>\n\t\t\t\t<\/div>\n\t\t\t\t\t<\/div>\n\t\t\t\t<\/div>\n\t\t<div class=\"elementor-element elementor-element-1e29b46 e-flex e-con-boxed e-con e-parent\" data-id=\"1e29b46\" data-element_type=\"container\" data-e-type=\"container\">\n\t\t\t\t\t<div class=\"e-con-inner\">\n\t\t\t\t<div class=\"elementor-element elementor-element-d43cef1 elementor-widget elementor-widget-heading\" data-id=\"d43cef1\" data-element_type=\"widget\" data-e-type=\"widget\" data-widget_type=\"heading.default\">\n\t\t\t\t<div class=\"elementor-widget-container\">\n\t\t\t\t\t<h2 class=\"elementor-heading-title elementor-size-default\">Finden Sie ihre*n IFAMT therapeut*in<\/h2>\t\t\t\t<\/div>\n\t\t\t\t<\/div>\n\t\t\t\t\t<\/div>\n\t\t\t\t<\/div>\n\t\t\t\t<\/div>\n\t\t","protected":false},"excerpt":{"rendered":"<p>IFAMT funktionelle Basis\u00fcbungen F\u00fcr alle, die sich gezielt bewegen wollen! Hier werden 161 funktionelle Basis\u00fcbungen aus dem IFAMT konzept gezeigt, die Patienten mit wenig M\u00fche zu Hause durchf\u00fchren k\u00f6nnen. Download der IFAMT Patientenbrosch\u00fcre mit einer Liste aller funktionellen \u00dcbungen von IFAMT Download IFAMT Patientenbrosch\u00fcre Finden Sie ihre*n IFAMT therapeut*in<\/p>\n","protected":false},"author":1,"featured_media":0,"parent":0,"menu_order":0,"comment_status":"closed","ping_status":"closed","template":"","meta":{"footnotes":""},"class_list":["post-610","page","type-page","status-publish","hentry"],"_links":{"self":[{"href":"https:\/\/funktionelle-uebungen.de\/index.php?rest_route=\/wp\/v2\/pages\/610","targetHints":{"allow":["GET"]}}],"collection":[{"href":"https:\/\/funktionelle-uebungen.de\/index.php?rest_route=\/wp\/v2\/pages"}],"about":[{"href":"https:\/\/funktionelle-uebungen.de\/index.php?rest_route=\/wp\/v2\/types\/page"}],"author":[{"embeddable":true,"href":"https:\/\/funktionelle-uebungen.de\/index.php?rest_route=\/wp\/v2\/users\/1"}],"replies":[{"embeddable":true,"href":"https:\/\/funktionelle-uebungen.de\/index.php?rest_route=%2Fwp%2Fv2%2Fcomments&post=610"}],"version-history":[{"count":25,"href":"https:\/\/funktionelle-uebungen.de\/index.php?rest_route=\/wp\/v2\/pages\/610\/revisions"}],"predecessor-version":[{"id":643,"href":"https:\/\/funktionelle-uebungen.de\/index.php?rest_route=\/wp\/v2\/pages\/610\/revisions\/643"}],"wp:attachment":[{"href":"https:\/\/funktionelle-uebungen.de\/index.php?rest_route=%2Fwp%2Fv2%2Fmedia&parent=610"}],"curies":[{"name":"wp","href":"https:\/\/api.w.org\/{rel}","templated":true}]}}